3*r + 447. Calculate the highest common factor of x and 37.
37
Suppose 35*j - 434 = 33*j. What is the highest common factor of j and 31?
31
Suppose 2*n + 5*g - 97 = 0, g - 47 = -n - 0*n. Calculate the highest common factor of 115 and n.
23
Suppose -r + 248 = i, i - 36 = 5*r + 182. Calculate the greatest common divisor of i and 9.
9
Let u = -41 + 118. Suppose -z = 4*z + 4*l - 40, 0 = 5*z - 4*l. Suppose y = z*q - 1, 3*y + q = y + 25. Calculate the greatest common divisor of u and y.
11
Suppose 3*v - 138 + 30 = 0. Let d(z) = -z**3 - 5*z**2 + 6*z + 3. Let a be d(-6). Let b be 50/15*a + -1. What is the highest common factor of v and b?
9
Let i(n) = n**2 - 2*n. Let x be i(2). Suppose u = -x*u - 2*f - 18, -4*u = 5*f + 75. Let v be (-5 - 0)*144/u. What is the greatest common divisor of 90 and v?
18
Suppose -3*d = 2*x - 221, -2*x - 30 + 405 = 5*d. Let q = d + -55. Calculate the greatest common divisor of q and 110.
22
Let g = -485 - -488. What is the greatest common divisor of 369 and g?
3
Let k be (0/3)/((-2)/2). Suppose j + 5 = 3*b - k*j, -5*j + 20 = 0. Calculate the highest common factor of b and 3.
3
Suppose -2*a + 33 = -35. Suppose 76*r - 75*r = a. Calculate the highest common divisor of 2 and r.
2
Let p(r) be the first derivative of 5*r**2 - 4*r - 1. Let t be p(1). Let l be ((4 - 3) + -3)*-30. Calculate the highest common factor of t and l.
6
Suppose 410*m - 405*m - 100 = 0. Suppose 3*k = 2*c - 66, 3*c - 3*k + 0*k = 96. Calculate the highest common divisor of m and c.
10
Let p be 38/247 + (-102)/(-13). What is the greatest common factor of 76 and p?
4
Suppose -5*b - 2*r - r - 2468 = 0, 2*b + 996 = r. Let y = 741 + b. What is the highest common divisor of y and 35?
35
Suppose 0 = 5*u - 0*g - 3*g - 32, -2*g = 4*u - 30. Suppose -z + u*z = 270. Suppose 8 - 53 = -3*q. Calculate the highest common divisor of z and q.
15
Suppose 34 - 32 = 2*s. Calculate the highest common factor of 3 and s.
1
Let z(g) = -g**3 + 23*g**2 + 3*g - 34. Let h be z(23). What is the greatest common factor of 385 and h?
35
Suppose 4*d = -0*d + 472. Let k = -37 + d. What is the greatest common factor of 9 and k?
9
Suppose 4*u + 200 = -u - 2*a, 2*u + 51 = 5*a. Let j = u + -23. Let p = 126 + j. What is the greatest common divisor of p and 26?
13
Let x = 32 + -16. Let g be (-4)/12 + (-1299)/(-9). What is the greatest common factor of g and x?
16
Let b be ((-3)/9)/(-1 + (-124)/(-126)). Suppose b = c + 9. What is the greatest common divisor of 18 and c?
6
Let z(r) = r**3 - 17*r**2 + r - 14. Let p be z(17). Suppose -11*f + 112 = -p*f. Calculate the highest common factor of f and 21.
7
Let z(v) = -v**2 - 2*v + 27. Let s = 30 - 30. Let g be z(s). What is the greatest common factor of g and 18?
9
Suppose -14*g = -62 - 246. Calculate the highest common divisor of g and 121.
11
Let r(f) = -2*f**2 + 49*f - 56. Let s be r(23). Let a be ((-39)/12 - 0)*-4. Calculate the greatest common factor of a and s.
13
Let q = -566 + 766. What is the greatest common factor of q and 80?
40
Let w = 34 + -1. Suppose -2*l = -4*l + 44. Calculate the highest common factor of w and l.
11
Let i = 131 - 87. Let r be -3 + -2 + 0 + 2. Let m be (14 - 7) + (r - (2 + -2)). Calculate the highest common divisor of i and m.
4
Let s(d) = 95*d**3 - d**2 + 5*d - 3. Let t be s(2). Calculate the highest common factor of 109 and t.
109
Let r = 19 - 17. Let x(i) = -i**3 + 6*i**2 + 7*i + 3. Let q be x(7). Suppose 20 = q*s + r*s. Calculate the greatest common divisor of s and 6.
2
Suppose 616*x - 4692 = 604*x. What is the greatest common factor of 85 and x?
17
Suppose 3*w = -w. Suppose w = 3*n - 326 - 94. What is the highest common factor of n and 20?
20
Suppose 0 = -26*p + 3669 - 679. Calculate the greatest common divisor of p and 10.
5
Let m be (-956)/(-6) + (-4)/(-6). Suppose 2*s - 20 + 10 = 0. Suppose -b + 2*a = b - 80, -m = -5*b - s*a. What is the highest common divisor of b and 90?
18
Suppose -21 = -4*h + 207. Suppose -j = 4*u - 48, -u = -0*j + j - h. Calculate the highest common factor of 36 and j.
12
Let n be 45/12*8/6. Suppose -r = -3*r + 46. Suppose j = -n, -u + 3*u + j - r = 0. Calculate the highest common factor of u and 126.
14
Suppose 3*r = -2*r + 15. Suppose 3*c + 5*q - 29 = 0, c + 6 = 4*q - 7. What is the greatest common factor of c and r?
3
Let c(l) = l**2 - 23*l - 136. Let b be c(31). What is the highest common divisor of b and 3472?
112
Let x be (-6)/27 - (-5 + 3522/(-54)). What is the greatest common factor of x and 20?
10
Let n be 232 + -225 + (-1 + 1 - -3). What is the greatest common factor of n and 30?
10
Suppose 10 = -l + 5*k, 2*k - 7 = 3*l - 3. Suppose 0 = -2*r - l*r. Suppose r = 3*h - 20 + 5. Calculate the highest common factor of 5 and h.
5
Suppose -13*t + 13 = -806. Calculate the greatest common divisor of t and 42.
21
Let v be (-1944)/30*105/(-14). What is the highest common factor of 18 and v?
18
Let z be 43 - -371 - (5 - -1). Calculate the greatest common factor of 12 and z.
12
Let y be 130/25 + 1/(-5). Suppose 4*r - 4*j - 36 = 0, 13 = y*r - j - 12. Let k(c) = 2*c + 5. Let f be k(r). What is the highest common divisor of f and 143?
13
Let h be (40/50)/((-1)/(-5) + 0). What is the greatest common factor of 14 and h?
2
Let h(r) = 2*r**2 + 15*r - 137. Let d be h(-13). Suppose -3 = 2*t - 9. What is the greatest common divisor of t and d?
3
Suppose c + 2*q = 7, 2*c + 3*q - 12 = -0*q. Suppose -2*t - 9 = -c. Let r be (54/t)/((-6)/21). Calculate the highest common divisor of r and 9.
9
Let z = 406 + 86. What is the greatest common divisor of z and 41?
41
Let p(t) = -3*t**2 + 26*t - 10. Let v be p(8). Suppose -15*n + 405 = -v*n. Calculate the greatest common factor of 18 and n.
9
Let a(n) = 5*n + 10. Let u be a(-4). Let k be 141 - (u/15)/((-2)/9). What is the greatest common factor of k and 23?
23
Let b = -22 + 28. Suppose 259 = -2*v + b*v - 3*r, -4*v + 255 = r. Suppose -8 = 4*w, -5*y = -w - 33 - v. Calculate the greatest common factor of 57 and y.
19
Suppose 10*b + 20 = 6*b, 3*b + 4005 = 5*q. What is the highest common divisor of q and 84?
42
Suppose -3*d + 12 + 0 = 0. Suppose -36 = -d*i - 0*i. Suppose -3*x = -3, -5*m + 5*x + 34 + 6 = 0. What is the greatest common divisor of i and m?
9
Suppose -o = 5*f - 69, 3 = -f + 8. Let y = o - 16. Let w = 480 + -466. Calculate the highest common factor of w and y.
14
Suppose -5*y - 19 = -3*s, -5 = -s + y - 0. Suppose 32 = c - 8*z + s*z, -3*z = c - 8. What is the highest common factor of c and 85?
17
Let r be -1 - -6 - (7 - 6). Suppose -44 = -r*b + 4*y, 2*b + 3 = 3*b - 5*y. Calculate the highest common divisor of 13 and b.
13
Let l be (-2)/7 - (-3924)/14. Suppose 571*g + 66 = 2*n + 573*g, 2*n + 3*g - 64 = 0. What is the highest common factor of l and n?
35
Let f = -4 - -9. Let r be 24/f - (-2)/10. Let t(k) = -9*k**3 + k + 2. Let i be t(-1). Calculate the highest common factor of r and i.
5
Let u = -11 + 16. Let p be 1/((u/11)/5). Let r = 20 - p. What is the greatest common divisor of r and 3?
3
Let l(o) = o**3 + o**2 - 3*o + 4. Let q be l(4). Suppose -v = -2*g + 10 - 21, 2*v - 5*g = 23. What is the greatest common divisor of q and v?
9
Suppose -3*h - x = -43, -25 = 5*h + 5*x - 80. What is the greatest common divisor of h and 44?
4
Let x = -23 + 27. Suppose x*h - 3*h = -5*m + 124, 2*m - 3*h - 36 = 0. Calculate the highest common divisor of 16 and m.
8
Let r(q) = 27*q + 6. Let t be r(6). Suppose -t = 4*i - 32. Let p be i*1*(-1)/2. What is the greatest common divisor of 187 and p?
17
Let p be ((-170)/6 + -5)/((-2)/6). Calculate the highest common divisor of 80 and p.
20
Let g = -105 - -270. Let r = -94 + 174. Suppose -2*j - 3*p = -p - r, 4*j - g = -3*p. Calculate the highest common divisor of 9 and j.
9
Let q = -75 - -41. Let p = -10 - q. What is the greatest common factor of 72 and p?
24
Let q(u) = u**2 + 53*u - 88. Let s be q(-55). What is the greatest common factor of 2398 and s?
22
Let o(b) = -b**2 + 11*b + 25. Let s be o(20). Suppose -2*t = 4*i - 984, 2*i = -0*i - 2*t + 492. Let h = i + s. What is the greatest common factor of 13 and h?
13
Let v be (6/(-4) - -2)/(4/48). Let i be ((-9)/2)/(-4*v/576). Calculate the highest common divisor of 12 and i.
12
Let k(s) = -2*s**3 + 8*s**2 - 2*s + 208. Let x be k(0). Calculate the highest common divisor of 273 and x.
13
Sup